00100101
In base 12, what is 25 - 1ab?
-186
In base 7, what is -1 + 111?
110
In base 14, what is 3 - -623?
626
In base 3, what is 1001212 + 0?
1001212
In base 14, what is -231 + -5?
-236
In base 15, what is 7 - -68?
70
In base 7, what is -504 - -6?
-465
In base 13, what is a - 1?
9
In base 7, what is 2 - 224?
-222
In base 12, what is 2 + 3?
5
In base 16, what is -141 - 2?
-143
In base 5, what is -22302 - 10?
-22312
In base 7, what is -2 - -142?
140
In base 6, what is 12 + 34?
50
In base 7, what is 3 + -1455?
-1452
In base 3, what is -212 + -212?
-1201
In base 15, what is 3 + -28?
-25
In base 6, what is 1 + -23244?
-23243
In base 5, what is 0 - -110?
110
In base 13, what is -111 - 1?
-112
In base 7, what is 434 + 3?
440
In base 15, what is -4 - -1?
-3
In base 11, what is 696 - 0?
696
In base 4, what is 12203213 + -1?
12203212
In base 13, what is 54 - 3a?
17
In base 7, what is -12 + -1303?
-1315
In base 2, what is -101100011101 + 11?
-101100011010
In base 8, what is -2312 + 1?
-2311
In base 4, what is -31 - -3?
-22
In base 14, what is 4 - 0?
4
In base 5, what is 34 + 123?
212
In base 16, what is -18 + 5?
-13
In base 7, what is 2 - 113?
-111
In base 15, what is -5 + -35?
-3a
In base 6, what is -1 + -20133?
-20134
In base 2, what is -100000 - 101?
-100101
In base 13, what is -2228 + 4?
-2224
In base 9, what is 2 + -6?
-4
In base 15, what is 65e6 + -5?
65e1
In base 4, what is -1 + -20001?
-20002
In base 10, what is 136 - 2?
134
In base 12, what is 20 - -31?
51
In base 16, what is -1ae4 - 1?
-1ae5
In base 13, what is 24 + 1b7?
20b
In base 11, what is 4 - 148?
-144
In base 15, what is 5435 - -4?
5439
In base 15, what is -de - -3?
-db
In base 7, what is 5 - -322?
330
In base 3, what is -122001 + -1?
-122002
In base 7, what is 53623 - 0?
53623
In base 5, what is 2 - 301?
-244
In base 9, what is 6 - -812?
818
In base 12, what is -55 - -7?
-4a
In base 4, what is -2131 - -11?
-2120
In base 9, what is -422 + 5?
-416
In base 4, what is -12 - -102?
30
In base 14, what is 3 + -5a2?
-59d
In base 16, what is 3 + -31?
-2e
In base 16, what is 13 + 2fe?
311
In base 16, what is -1f + 32?
13
In base 7, what is -111 - -222?
111
In base 11, what is 2 + -1118?
-1116
In base 7, what is -4 + -141?
-145
In base 6, what is -332 + -33?
-405
In base 4, what is -310210 + -3?
-310213
In base 15, what is 6b + c?
78
In base 2, what is 101000 + -10100111?
-1111111
In base 8, what is -402 + -1?
-403
In base 14, what is -4a - 2?
-4c
In base 12, what is -882 + 1?
-881
In base 6, what is 115 + 151?
310
In base 6, what is -2510 - -5?
-2501
In base 9, what is -874 + 5?
-868
In base 3, what is -1 + 20101?
20100
In base 3, what is -1212122 + -1?
-1212200
In base 4, what is 10 + 1113?
1123
In base 15, what is -4 - e6?
-ea
In base 3, what is -1 - -201000?
200222
In base 5, what is 10 + 40?
100
In base 16, what is 11 + -c?
5
In base 2, what is 11 - 10100111?
-10100100
In base 13, what is -37 + -51?
-88
In base 13, what is -8 - -522?
517
In base 3, what is -11 - -122?
111
In base 15, what is a6c - -5?
a72
In base 9, what is 0 + -3744?
-3744
In base 11, what is -1 - 44?
-45
In base 8, what is -3 - -2455?
2452
In base 3, what is 1011221 + 11?
1012002
In base 5, what is -214444 + 11?
-214433
In base 12, what is 26 + 16?
40
In base 15, what is 3 - 187?
-184
In base 15, what is 2 - -3?
5
In base 10, what is 2 + -23?
-21
In base 12, what is -59 + -1?
-5a
In base 2, what is 10001 + 101?
10110
In base 8, what is 6 - -127?
135
In base 13, what is 2 + -2059?
-2057
In base 11, what is 2 + -101?
-aa
In base 13, what is -7 - -6a?
63
In base 7, what is 325 + -2?
323
In base 12, what is -55 + 4?
-51
In base 4, what is 1 + -221?
-220
In base 2, what is -101 - 10101110?
-10110011
In base 9, what is 153 + -3?
150
In base 15, what is -7 + 88?
81
In base 6, what is -200 + -43?
-243
In base 2, what is 110011 + -1?
110010
In base 12, what is -28 - -15?
-13
In base 8, what is 103 + 3?
106
In base 16, what is 4d - -1e?
6b
In base 4, what is -1330 + 22?
-1302
In base 7, what is -2 - -52?
50
In base 7, what is -16454 + 5?
-16446
In base 14, what is -5 - bb?
-c2
In base 13, what is -4 + -45?
-49
In base 6, what is 21305 - 2?
21303
In base 7, what is 0 - 155?
-155
In base 6, what is 41535 + 4?
41543
In base 9, what is -4 - 3787?
-3802
In base 3, what is -2 + -201?
-210
In base 14, what is -7 + 10?
7
In base 14, what is -2 - 21?
-23
In base 7, what is 3 - 1240?
-1234
In base 2, what is 101 + -10101111011?
-10101110110
In base 11, what is 26 + -10?
16
In base 11, what is -2 - 1033?
-1035
In base 5, what is -2 - -2?
0
In base 12, what is 2 + 45?
47
In base 9, what is -12438 - 1?
-12440
In base 8, what is -42 + -14?
-56
In base 4, what is -313 - 103?
-1022
In base 16, what is 15 - 28?
-13
In base 14, what is 565 + -c?
557
In base 3, what is 20 - -102?
122
In base 9, what is -3 + -88?
-102
In base 14, what is -8 + -19c?
-1a6
In base 8, what is 2 + -217?
-215
In base 5, what is 1 - -24?
30
In base 8, what is -30 + 44?
14
In base 12, what is -3 - 107?
-10a
In base 7, what is -30 - -3?
-24
In base 10, what is 4433 + 0?
4433
In base 9, what is -610 + 2?
-607
In base 3, what is 100 - -20210?
21010
In base 8, what is 50 + 325?
375
In base 13, what is -32 - -86?
54
In base 9, what is 0 - 520?
-520
In base 7, what is -2626 + -20?
-2646
In base 16, what is -2c + -2?
-2e
In base 14, what is dd - -9?
108
In base 9, what is -23 + -28?
-52
In base 13, what is b52 + 1?
b53
In base 16, what is -5 + 628?
623
In base 4, what is -12033 - 21?
-12120
In base 3, what is 22102002 - -1?
22102010
In base 14, what is -16 - 1?
-17
In base 16, what is -4 + -187?
-18b
In base 11, what is 257 + -6?
251
In base 8, what is 12 - 40?
-26
In base 12, what is -1984 - -2?
-1982
In base 11, what is -3 - -141?
139
In base 11, what is a + -1a9?
-19a
In base 9, what is 7 - -4?
12
In base 14, what is 2 - 109?
-107
In base 12, what is 86 + -b9?
-33
In base 11, what is 4a5 + -4?
4a1
In base 16, what is -3 - 1a8?
-1ab
In base 13, what is b + 1?
c
In base 14, what is 0 - 1214?
-1214
In base 5, what is 1414 + 40?
2004
In base 9, what is 2675 + 2?
2677
In base 11, what is a + -15?
-6
In base 9, what is 403 + -5?
387
In base 11, what is 1 - 18?
-17
In base 11, what is -2 + 2?
0
In base 8, what is -17 + -54?
-73
In base 11, what is -239 - -4?
-235
In base 6, what is 203255 + 5?
203304
In base 10, what is -15 - 24?
-39
In base 10, what is 5 + -14?
-9
In base 3, what is 200 + 101010?
101210
In base 10, what is -5414 - -5?
-5409
In base 12, what is -3 + -a7?
-aa
In base 14, what is -4 - 9a7?
-9ab
In base 3, what is -220 - 111?
-1101
In base 4, what is 2 + -1120?
-1112
In base 13, what is -6 + -15?
-1b
In base 12, what is 5 - 1a3?
-19a
In base 16, what is -7 + -a?
-11
In base 16, what is -4 - ed?
-f1
In base 2, what is 101101 - -11011?
1001000
In base 2, what is -101 + -101110010?
-101110111
In base 10, what is 1 - -1653?
1654
In base 9, what is 131 + 4?
135
In base 5, what is -2 - 1014?
-1021
In base 11, what is -5 - 26?
-30
In base 15, what is 4 + -32?
-2d
In base 9, what is 5075 - -4?
5080
In base 4, what is -2122 + 1?
-2121
In base 12, what is 0 - -15a?
15a
In base 4, what is 333 + -11?
322
In base 7, what is -124 + -23?
-150
In base 11, what is -264 - 1?
-265
In base 8, what is -4465 - 1?
-4466
In base 4, what is 11 + -2?
3
In base 13, what is -3 - -c?
9
In base 15, what is 242 - -4?
246
In base 13, what is -4 + 34?
30
In base 6, what is 353 - -33?
430
In base 12, what is -738 - 3?
-73b
In base 4, what is 11 + -300?
-223
In base 16, what is 0 - -20f0?
20f0
In base 7, what is -4 + -15?
-22
In base 7, what is -51 - 4?
-55
In base 13, what is -296 - 4?
-29a
In base 3, what is -122122 - 0?
-122122
In base 3, what is 10 + 1120?
1200
In base 16, what is 2 + -f?
-d
In base 3, what is 0 + 1220022?
1220022
In base 2, what is -11 + 111010?
110111
In base 9, what is 1 + -2156?
-2155
In base 9, what is -58 + 102?
33
In base 16, what is 3 - -68?
6b
In base 6, what is 2 + 12323?
12325
In base 15, what is -398c - 5?
-3992
In base 15, what is -6ac + -1?
-6ad
In base 4, what is 33 - 11212?
-11113
In base 3, what is -1000 - 2?
-1002
In base 3, what is -20 - -212122?
212102
In base 5, what is -11 - -24001?
23440
In base 5, what is 342 + 1?
343
In base 8, what is 61 + 52?
133
In base 5